
Is 233409 a multiple of 627?
False
Does 116 divide 385236?
True
Is 111 a factor of 38694?
False
Does 20 divide 78879?
False
Does 9 divide 181168?
False
Is 202420 a multiple of 20?
True
Is 195534 a multiple of 51?
True
Does 126 divide 20303?
False
Is 3037185 a multiple of 10?
False
Is 76 a factor of 8367144?
True
Is 254144 a multiple of 199?
False
Does 36 divide 33696?
True
Does 20 divide 3621240?
True
Is 32 a factor of 431456?
True
Is 326 a factor of 3957314?
True
Is 955928 a multiple of 26?
False
Does 10 divide 2111550?
True
Is 17101 a multiple of 7?
True
Is 80 a factor of 1655600?
True
Does 21 divide 868105?
False
Does 30 divide 97971?
False
Does 187 divide 429539?
True
Does 534 divide 5397138?
True
Does 80 divide 5773520?
True
Does 12 divide 446995?
False
Does 21 divide 3148257?
True
Is 43 a factor of 2676105?
True
Does 16 divide 332645?
False
Is 54 a factor of 84726?
True
Is 6525196 a multiple of 1974?
False
Is 2 a factor of 8244?
True
Is 24210 a multiple of 11?
False
Is 6 a factor of 330230?
False
Is 2251703 a multiple of 696?
False
Is 218043 a multiple of 2?
False
Is 48 a factor of 118416?
True
Is 1692216 a multiple of 1368?
True
Is 1431793 a multiple of 138?
False
Does 281 divide 356934?
False
Does 58 divide 84158?
True
Is 4 a factor of 417560?
True
Does 2 divide 672?
True
Is 12623492 a multiple of 14?
True
Does 95 divide 15850560?
True
Is 11 a factor of 53150?
False
Is 101 a factor of 983841?
True
Is 40460 a multiple of 35?
True
Does 127 divide 4274693?
True
Does 7 divide 1265447?
False
Does 196 divide 12395146?
False
Is 6290908 a multiple of 52?
True
Is 105 a factor of 578865?
True
Is 923475 a multiple of 175?
True
Is 4555698 a multiple of 31?
True
Does 2 divide 190828?
True
Does 12 divide 14897030?
False
Does 69 divide 9503508?
True
Is 99 a factor of 79372?
False
Is 122 a factor of 986241?
False
Is 182208 a multiple of 584?
True
Is 35 a factor of 5199355?
True
Is 399767 a multiple of 17?
False
Is 170920 a multiple of 258?
False
Is 152 a factor of 1136656?
True
Is 7141473 a multiple of 57?
True
Is 365 a factor of 775207?
False
Is 46 a factor of 715668?
True
Is 449 a factor of 13201947?
True
Is 79613 a multiple of 182?
False
Is 1498272 a multiple of 4?
True
Is 26010 a multiple of 306?
True
Does 9 divide 4246313?
False
Is 578 a factor of 32251?
False
Is 10 a factor of 221734?
False
Does 13 divide 12870?
True
Is 7 a factor of 191652?
False
Is 115222 a multiple of 256?
False
Does 10 divide 4754032?
False
Is 6 a factor of 60345?
False
Is 792989 a multiple of 314?
False
Is 312380 even?
True
Is 630470 a multiple of 495?
False
Is 11593280 a multiple of 320?
True
Is 20 a factor of 118014?
False
Is 597951 a multiple of 261?
True
Is 249808 a multiple of 16?
True
Does 50 divide 2113553?
False
Is 16 a factor of 5068367?
False
Is 135813 a multiple of 17?
True
Is 12588131 a multiple of 16?
False
Does 6 divide 4504506?
True
Does 114 divide 4814676?
True
Is 29132 a multiple of 4?
True
Is 653 a factor of 434040?
False
Does 169 divide 7264188?
False
Does 700 divide 327862?
False
Is 25522512 a multiple of 12?
True
Does 2241 divide 11113765?
False
Does 49 divide 181522?
False
Is 80237 a multiple of 402?
False
Is 1938304 a multiple of 40?
False
Does 1676 divide 3606752?
True
Is 58 a factor of 40114?
False
Does 62 divide 269576?
True
Is 484 a factor of 1384566?
False
Is 83 a factor of 37101?
True
Is 1416244 a multiple of 4?
True
Is 45 a factor of 6091515?
True
Is 14334498 a multiple of 349?
False
Is 11 a factor of 1349952?
False
Is 3 a factor of 137378?
False
Does 42 divide 2348766?
True
Does 960 divide 15561600?
True
Is 7 a factor of 156359?
True
Does 2286 divide 24638508?
True
Does 1161 divide 30307760?
False
Does 139 divide 29261?
False
Is 48336 a multiple of 5?
False
Is 1798256 a multiple of 167?
True
Does 3 divide 22383?
True
Is 250 a factor of 21031162?
False
Does 99 divide 8849?
False
Is 1448788 a multiple of 19?
True
Is 166784 a multiple of 64?
True
Is 84 a factor of 87948?
True
Is 62 a factor of 10664?
True
Does 145 divide 2105930?
False
Is 90870 a multiple of 390?
True
Is 1150 a multiple of 5?
True
Does 37 divide 92907?
True
Does 9 divide 53829?
True
Is 494100 a multiple of 27?
True
Is 5136 a multiple of 16?
True
Is 830111 a multiple of 27?
False
Does 592 divide 4869265?
False
Does 23 divide 884143?
True
Does 11 divide 411162?
False
Is 3 a factor of 1601?
False
Is 29 a factor of 1161251?
False
Does 23 divide 1667835?
False
Is 20 a factor of 4643?
False
Does 12 divide 263988?
True
Does 155 divide 183800?
False
Is 10902 a multiple of 3?
True
Is 85184 a multiple of 352?
True
Is 11648381 a multiple of 209?
False
Is 35 a factor of 592445?
True
Does 238 divide 159292?
False
Is 10723914 a multiple of 54?
True
Is 3426719 a multiple of 33?
False
Is 1022 a factor of 1820182?
True
Does 12 divide 875509?
False
Does 12 divide 72012?
True
Is 6225376 a multiple of 26?
False
Is 58940 a multiple of 7?
True
Does 169 divide 879549?
False
Is 24397 a multiple of 5?
False
Does 8 divide 810760?
True
Is 1005369 a multiple of 208?
False
Is 8 a factor of 8374604?
False
Does 21 divide 290766?
True
Is 204589 a multiple of 317?
False
Is 1433407 a multiple of 2?
False
Is 50 a factor of 2831823?
False
Does 111 divide 2190108?
False
Is 33 a factor of 29952658?
False
Is 1823687 a multiple of 42?
False
Is 2741629 a multiple of 451?
True
Is 2241221 a multiple of 16?
False
Does 508 divide 669002?
False
Does 166 divide 14382703?
False
Is 3464251 a multiple of 61?
True
Is 3127171 a multiple of 10?
False
Is 37 a factor of 1609168?
False
Does 245 divide 121623?
False
Does 356 divide 569244?
True
Does 50 divide 109338?
False
Is 530506 a multiple of 74?
True
Does 223 divide 14038296?
True
Does 138 divide 79626?
True
Is 92944 a multiple of 23?
False
Is 3026881 a multiple of 13?
True
Does 18 divide 876618?
True
Is 65132 a multiple of 15?
False
Is 428427 a multiple of 83?
False
Does 835 divide 114395?
True
Is 75258 a multiple of 9?
True
Does 89 divide 1042546?
True
Does 19 divide 2205756?
False
Does 76 divide 851746?
False
Is 225165 a multiple of 6?
False
Does 36 divide 12575223?
False
Does 21 divide 114933?
True
Is 1186 a factor of 1531126?
True
Is 209313 a multiple of 3?
True
Does 48 divide 185915?
False
Is 623 a factor of 8228484?
False
Is 604 a factor of 2667733?
False
Is 3924 a multiple of 3?
True
Is 53 a factor of 8834570?
True
Does 4 divide 84245?
False
Does 41 divide 17056?
True
Is 1123568 a multiple of 19?
False
Is 13 a factor of 1598871?
False
Is 3695211 a multiple of 9?
True
Is 1146715 a multiple of 7?
False
Is 38 a factor of 268997?
False
Is 2567214 a multiple of 299?
True
Does 57 divide 264309?
True
Is 14526254 a multiple of 1347?
False
Is 7974538 a multiple of 286?
True
Is 421669 a multiple of 122?
False
Does 75 divide 165961?
False
Is 56098 a multiple of 14?
True
Does 6 divide 52700?
False
Is 215 a factor of 314114?
False
Does 51 divide 9035359?
False
Is 224484 a multiple of 78?
True
Is 1356637 a multiple of 18?
False
Is 3166406 a multiple of 310?
False
Is 9470886 a multiple of 97?
True
Is 5922388 a multiple of 22?
False
Is 142 a factor of 131798?
False
Is 94 a factor of 2040552?
True
Is 45 a factor of 137598?
False
Is 16 a factor of 3212448?
True
Does 28 divide 54075?
False
Is 60 a factor of 81300?
True
Does 210 divide 2909633?
False
Does 3 divide 9902?
False
Is 238 a factor of 131138?
True
Is 42105 a multiple of 21?
True
Is 14 a factor of 963089?
False
Is 5854 a multiple of 5?
False
Is 623 a factor of 1583043?
True
Does 202 divide 32219?
False
Does 198 divide 169290?
True
Is 562641 a multiple of 42?
False
Is 231 a factor of 9990298?
False
Is 287 a factor of 24949?
False
Is 217408 a multiple of 16?
True
Is 583 a factor of 500214?
True
Is 22 a factor of 1674486?
True
Is 3961807 a multiple of 449?
False
Does 21 divide 17405049?
False
Is 1323095 a multiple of 49?
False
Does 45 divide 405900?
True
Does 225 divide 378718?
False
Is 257 a factor of 1952261?
False
Does 9 divide 310624?
False
Is 171 a factor of 69597?
True
Does 20 divide 355080?
True
Does 22 divide 475750?
True
Does 100 divide 58687?
False
Is 10 a factor of 43290?
True
Is 1285002 a multiple of 9?
True
Does 3 divide 107883?
True
Does 205 divide 458603?
False
Is 531 a factor of 8747694?
True
Does 115 divide 100989